{"id":499,"date":"2014-03-15T22:59:36","date_gmt":"2014-03-15T20:59:36","guid":{"rendered":"https:\/\/lopunajat.fi\/blogi\/?page_id=499"},"modified":"2016-04-17T13:02:00","modified_gmt":"2016-04-17T10:02:00","slug":"enteita-umjsta-2","status":"publish","type":"page","link":"https:\/\/lopunajat.fi\/blogi\/enteita-umjsta-2\/","title":{"rendered":"ENTEIT\u00c4 PEDOSTA"},"content":{"rendered":"<p>&nbsp;<\/p>\n<p><strong>T\u00e4ll\u00e4 sivustolle koostetaan linkkej\u00e4 ja artikkeleita koskien tulevaa ja jo osittain voimassa olevaa globaalia totaalitarismia Uutta Maailman j\u00e4rjestyst\u00e4:<\/strong><\/p>\n<p>&nbsp;<\/p>\n<p style=\"padding-left: 30px;\"><a title=\"Salaseurat\" href=\"https:\/\/lopunajat.fi\/blogi\/?page_id=1216\">* Globaalit salaseurat<\/a><\/p>\n<p style=\"padding-left: 30px;\"><a title=\"* Orwellin vuosi ja IsoveliMedia\" href=\"https:\/\/lopunajat.fi\/blogi\/?p=1103\">* Orwellin vuosi ja IsoveliMedia<\/a><\/p>\n<p style=\"padding-left: 30px;\"><a title=\"Ukrainan kriisi: Ainekset 3. maailmansotaan\" href=\"https:\/\/lopunajat.fi\/blogi\/?page_id=1022\">* Ukrainan kriisi: Ainekset 3. maailmansotaan<\/a><\/p>\n<p style=\"padding-left: 30px;\"><a title=\"* Kymmeni\u00e4 pankkiireja murhattu parin kuukauden aikana\" href=\"https:\/\/lopunajat.fi\/blogi\/?p=939\">* Pankkiirien murhat<\/a><\/p>\n<p style=\"padding-left: 30px;\"><a title=\"Mustat laatikot ja seuranta autoissa\" href=\"https:\/\/lopunajat.fi\/blogi\/?p=1386\">* Nykyaikaiset autot<\/a><\/p>\n<p style=\"padding-left: 30px;\">* Terveydenhuoltouudistukset kuten Obama care &#8221;Obamahoiva&#8221;<\/p>\n<p style=\"padding-left: 30px;\"><a href=\"https:\/\/lopunajat.fi\/blogi\/?p=546\">* \u201dL\u00e4himaksaminen\u201d. Taas iso askel kohti Pedon merkki\u00e4<\/a><\/p>\n<p style=\"padding-left: 30px;\"><a title=\"MH370\" href=\"https:\/\/lopunajat.fi\/blogi\/?page_id=508\">* Malaysia Airlines\u00a0MH370 8.3.2014<\/a><\/p>\n<p style=\"padding-left: 30px;\">* Boston maraton 15.4.2013<\/p>\n<p style=\"padding-left: 30px;\">* Sandy Hook 14.12.2012<\/p>\n<p style=\"padding-left: 30px;\">* 9\/11 11.9.2001<\/p>\n<p style=\"padding-left: 30px;\">* Katolinen kirkko<\/p>\n<p style=\"padding-left: 30px;\">* Jehovantodistajat<\/p>\n<p style=\"padding-left: 30px;\"><a title=\"Mysteerej\u00e4\" href=\"https:\/\/lopunajat.fi\/blogi\/?page_id=394\">* Muita aiheeseen liittyvi\u00e4 uutisia<\/a><\/p>\n<p>&nbsp;<\/p>\n","protected":false},"excerpt":{"rendered":"<p>&nbsp; T\u00e4ll\u00e4 sivustolle koostetaan linkkej\u00e4 ja artikkeleita koskien tulevaa ja jo osittain voimassa olevaa globaalia totaalitarismia Uutta Maailman j\u00e4rjestyst\u00e4: &nbsp; * Globaalit salaseurat * Orwellin vuosi ja IsoveliMedia * Ukrainan kriisi: Ainekset 3. maailmansotaan * Pankkiirien murhat * Nykyaikaiset autot * Terveydenhuoltouudistukset kuten Obama care &#8221;Obamahoiva&#8221; * \u201dL\u00e4himaksaminen\u201d. Taas iso askel kohti Pedon merkki\u00e4 * [&hellip;]<\/p>\n","protected":false},"author":1,"featured_media":0,"parent":0,"menu_order":0,"comment_status":"closed","ping_status":"closed","template":"","meta":{"footnotes":""},"class_list":["post-499","page","type-page","status-publish","hentry"],"_links":{"self":[{"href":"https:\/\/lopunajat.fi\/blogi\/wp-json\/wp\/v2\/pages\/499","targetHints":{"allow":["GET"]}}],"collection":[{"href":"https:\/\/lopunajat.fi\/blogi\/wp-json\/wp\/v2\/pages"}],"about":[{"href":"https:\/\/lopunajat.fi\/blogi\/wp-json\/wp\/v2\/types\/page"}],"author":[{"embeddable":true,"href":"https:\/\/lopunajat.fi\/blogi\/wp-json\/wp\/v2\/users\/1"}],"replies":[{"embeddable":true,"href":"https:\/\/lopunajat.fi\/blogi\/wp-json\/wp\/v2\/comments?post=499"}],"version-history":[{"count":37,"href":"https:\/\/lopunajat.fi\/blogi\/wp-json\/wp\/v2\/pages\/499\/revisions"}],"predecessor-version":[{"id":2719,"href":"https:\/\/lopunajat.fi\/blogi\/wp-json\/wp\/v2\/pages\/499\/revisions\/2719"}],"wp:attachment":[{"href":"https:\/\/lopunajat.fi\/blogi\/wp-json\/wp\/v2\/media?parent=499"}],"curies":[{"name":"wp","href":"https:\/\/api.w.org\/{rel}","templated":true}]}}