{"id":4092,"date":"2015-11-11T14:52:42","date_gmt":"2015-11-11T12:52:42","guid":{"rendered":"http:\/\/www.lopunajat.fi\/blogi\/?page_id=4092"},"modified":"2015-11-16T20:22:26","modified_gmt":"2015-11-16T18:22:26","slug":"poiminnat-lokakuu-2015","status":"publish","type":"page","link":"https:\/\/lopunajat.fi\/blogi\/poiminnat-lokakuu-2015\/","title":{"rendered":"POIMINNAT LOKAKUU 2015"},"content":{"rendered":"<p>P\u00e4ivitetty 16.11.2015:<\/p>\n<h1><\/h1>\n<h1>13.10.2015: Iranin parlamentti hyv\u00e4ksyi ydinsopimuksen<\/h1>\n<p>\u201dIranin parlamentti hyv\u00e4ksyi tiistaina kansainv\u00e4lisen sopimuksen maan ydinohjelmasta.<\/p>\n<p>Uutistoimisto Irnan mukaan parlamentti hyv\u00e4ksyi sopimuksen vahvistavan lain \u00e4\u00e4nin 161 puolesta ja 59 vastaan. 13 pid\u00e4tt\u00e4ytyi \u00e4\u00e4nest\u00e4m\u00e4st\u00e4.<\/p>\n<p>Iran ja sen kansainv\u00e4liset neuvottelukumppanit saavuttivat sovun maan ydinohjelmasta hein\u00e4kuussa. Tavoitteena on, ett\u00e4 ydinsovun my\u00f6t\u00e4 vuosia voimassa olleet talouspakotteet Irania vastaan voidaan purkaa.<\/p>\n<p>Yhdysvaltain senaatti \u00e4\u00e4nesti sovusta syyskuussa. Republikaanit eiv\u00e4t onnistuneet kaatamaan sopimusta. Sopimuksen hylk\u00e4\u00e4minen senaatissa olisi vaatinut taakseen 60 \u00e4\u00e4nt\u00e4. Sit\u00e4 puolsi sadasta senaattorista 58.<\/p>\n<p>Tulosta pidet\u00e4\u00e4n isona ulkopoliittisena voittona presidentti Barack Obamalle.\u201d<\/p>\n<p><a href=\"http:\/\/www.mtv.fi\/uutiset\/ulkomaat\/artikkeli\/iranin-parlamentti-hyvaksyi-ydinsopimuksen\/5494766\" target=\"_blank\">http:\/\/www.mtv.fi\/uutiset\/ulkomaat\/artikkeli\/iranin-parlamentti-hyvaksyi-ydinsopimuksen\/5494766<\/a><\/p>\n<p>&nbsp;<\/p>\n<h1>13.10.2015: Yhdysvallat pudotti ammuksia Syyriaan<\/h1>\n<p>\u201dYhdysvallat on lis\u00e4nnyt tukeaan Syyrian kapinallisjoukoille toimittamalla n\u00e4ille ammuksia ja muita tarvikkeita.<\/p>\n<p>Yhdysvaltain armeijan tiedottajan mukaan Yhdysvaltain johtama liittouma pudotti tarvikkeita Syyrian pohjoisosaan sunnuntaina.<\/p>\n<p>Nimett\u00f6m\u00e4n\u00e4 puhuneen yhdysvaltalaisviranomaisen mukaan ammuksia pudotettiin 50 tonnin edest\u00e4. Tarkempaa tietoa siit\u00e4, kenelle ammukset ja muut tarvikkeet pudotettiin, ei toistaiseksi ole.<\/p>\n<p>Syyrian hallituksen maajoukot ja sen liittolaiset aloittivat viime viikolla hy\u00f6kk\u00e4yksen L\u00e4nsi-Syyriassa. Maajoukot ovat saaneet tukea Ven\u00e4j\u00e4n ilmaiskuista.<\/p>\n<p>Uutistoimisto Reutersin mukaan joukot k\u00e4viv\u00e4t eilen t\u00e4h\u00e4n menness\u00e4 rajuimmat taistelunsa l\u00e4hell\u00e4 pohjoisesta etel\u00e4\u00e4n kulkevaa moottoritiet\u00e4, joka yhdist\u00e4\u00e4 Syyrian suurimpia kaupunkeja. Ven\u00e4j\u00e4n kerrotaan tukeneen hy\u00f6kk\u00e4yst\u00e4 noin 30 ilmaiskulla Haman maakunnassa.<\/p>\n<p>Syyrian armeija my\u00f6s ilmoitti eilen vallanneensa takaisin viisi kyl\u00e4\u00e4 Haman maakunnassa.<\/p>\n<p>Ven\u00e4j\u00e4 aloitti ilmaiskut Syyriaan syyskuun lopulla. Ven\u00e4j\u00e4 tukee presidentti Bashar al-Assadin hallintoa ja sanoo ilmaiskujen suuntautuvan Isisi\u00e4 ja muita terroristij\u00e4rjest\u00f6j\u00e4 vastaan. Monien EU-maiden mukaan iskut eiv\u00e4t ole tosiasiassa kohdistuneet Isisin hallinnassa oleville alueille.<\/p>\n<p>EU-maat vaativat eilen Ven\u00e4j\u00e4\u00e4 lopettamaan v\u00e4litt\u00f6m\u00e4sti toimet, jotka kohdistuvat Syyrian maltillisen opposition edustajiin.\u201d<\/p>\n<p><a href=\"http:\/\/www.mtv.fi\/uutiset\/ulkomaat\/artikkeli\/yhdysvallat-pudotti-ammuksia-syyriaan\/5494552\" target=\"_blank\">http:\/\/www.mtv.fi\/uutiset\/ulkomaat\/artikkeli\/yhdysvallat-pudotti-ammuksia-syyriaan\/5494552<\/a><\/p>\n<p>&nbsp;<\/p>\n<h1>11.10.2015: Brittih\u00e4vitt\u00e4j\u00e4t valmistautuvat taisteluihin \u2013 lent\u00e4jille lupa ampua ven\u00e4l\u00e4iskoneita tarvittaessa<\/h1>\n<p>\u201dBritannia on Sunday Timesin mukaan varustanut Irakissa ja Syyriassa lent\u00e4v\u00e4t koneensa ilmaohjuksilla, jotta ne voisivat puolustautua ven\u00e4l\u00e4ish\u00e4vitt\u00e4jien hy\u00f6kk\u00e4yksilt\u00e4.<\/p>\n<p>Syyrian sis\u00e4llissodan sekava tilanne sai j\u00e4lleen uuden k\u00e4\u00e4nteen, kun Ven\u00e4j\u00e4 aloitti syyskuun lopussa ilmaiskut Syyriassa.<\/p>\n<p>Virallisesti Ven\u00e4j\u00e4 pommittaa terroristikohteita. L\u00e4nsi on kuitenkin syytt\u00e4nyt sit\u00e4 siit\u00e4, ett\u00e4 se ei pommita pelk\u00e4st\u00e4\u00e4n islamilaisen valtion Isis-terroristeja, vaan Syyrian oppositiota.<\/p>\n<p>Syyrian presidentti Bashar al-Assad on aloittanut suuren maahy\u00f6kk\u00e4yksen Ven\u00e4j\u00e4n ilmaiskujen ja risteilyohjusten tuella.<\/p>\n<p>Brittimedia uutisoi, ett\u00e4 Britannia on antanut kuninkaallisille ilmavoimilleen (RAF) luvan ampua alas ven\u00e4l\u00e4iskoneita, jos ne uhkaavat brittikoneita Syyriassa tai Irakissa.<\/p>\n<p>Asiasta uutisoivat muun muassa Sunday Times ja International Business times. Britannian ulkoministeri\u00f6 on kuitenkin kiist\u00e4nyt tiedon.&#8221;<\/p>\n<p><a href=\"http:\/\/www.iltasanomat.fi\/ulkomaat\/art-1444536017053.html\" target=\"_blank\">http:\/\/www.iltasanomat.fi\/ulkomaat\/art-1444536017053.html<\/a><\/p>\n<p>&nbsp;<\/p>\n<h1>8.10.2015: \u201dEU ei aio k\u00e4sitell\u00e4 TTIP-sopimusta vastustavaa kansalaisaloitetta\u201d<\/h1>\n<p>\u201dJo 3 miljoonaa EU-kansalaista vapaakauppasopimusta vastaan<\/p>\n<p>Eurooppalainen kansalaisaloite EU:n ja Yhdysvaltojen v\u00e4list\u00e4 TTIP-vapaakauppasopimusta vastaan on ker\u00e4nnyt vuodessa yli 3,2 miljoonaa allekirjoitusta.<\/p>\n<p>Allekirjoittajat vaativat sopimusneuvottelujen keskeytt\u00e4mist\u00e4 sek\u00e4 EU:n ja Kanadan v\u00e4lisen CETA-sopimuksen hylk\u00e4\u00e4mist\u00e4.<\/p>\n<p>\u201dStop TTIP\u201d -kansalaisaloite ei ole menossa EU:n viralliseen kansalaisaloitek\u00e4sittelyyn, koska komissio ei hyv\u00e4ksy sit\u00e4. P\u00e4\u00e4t\u00f6ksest\u00e4 on valitettu EU-tuomioistuimeen.<\/p>\n<p>TTIP olisi toteutuessaan historian suurin vapaakauppasopimus.\u201d<\/p>\n<p><a href=\"http:\/\/www.maaseuduntulevaisuus.fi\/politiikka-ja-talous\/jo-3-miljoonaa-eu-kansalaista-vapaakauppasopimusta-vastaan-1.130204\" target=\"_blank\">http:\/\/www.maaseuduntulevaisuus.fi\/politiikka-ja-talous\/jo-3-miljoonaa-eu-kansalaista-vapaakauppasopimusta-vastaan-1.130204<\/a><\/p>\n<p>&nbsp;<\/p>\n<h1>7.10.2015: Ven\u00e4j\u00e4 ampui ohjuksia ja antoi ilmatukea Syyrian armeijalle \u2013 Yhdysvallat pit\u00e4\u00e4 Ven\u00e4j\u00e4n strategiaa v\u00e4\u00e4r\u00e4n\u00e4<\/h1>\n<p>\u201dVen\u00e4j\u00e4 laajensi osallistumistaan Syyrian sotaan keskiviikkona. Puolustusministeri kertoi presidentti Vladimir Putinille, ett\u00e4 nelj\u00e4 sotilasalusta oli ampunut 26 risteilyohjusta \u00e4\u00e4rij\u00e4rjest\u00f6 Isisi\u00e4 vastaan.<\/p>\n<p>Ohjukset ammuttiin Kaspianmerelt\u00e4, ja ne iskeytyiv\u00e4t 11 kohteeseen 1 500 kilometrin p\u00e4\u00e4ss\u00e4 Syyriassa, Ven\u00e4j\u00e4 ilmoitti.<\/p>\n<p>Syyrian armeija ja maan hallintoa tukevat joukot aloittivat puolestaan suuren maaoperaation l\u00e4ntisess\u00e4 Haman maakunnassa. Ven\u00e4l\u00e4iset sotakoneet tukivat operaatiota, kertoivat sotilasl\u00e4hteet uutistoimisto AFP:lle.<\/p>\n<p>Alueella on Syyrian hallitusta vastustavien oppositioryhmien taistelijoita. Ryhmiss\u00e4 on maltillisia ja islamistikapinallisia kuten my\u00f6s al-Qaidaan kytk\u00f6ksiss\u00e4 olevan Nusran rintaman taistelijoita.<\/p>\n<p>YHDYSVALLAT ilmoitti keskiviikkona, ettei se tee ilmaiskuja koskevaa yhteisty\u00f6t\u00e4 Ven\u00e4j\u00e4n kanssa niin kauan kuin se noudattaa virheellist\u00e4 strategiaa.<\/p>\n<p>\u2013 Olen sanonut aiemmin, ett\u00e4 Ven\u00e4j\u00e4ll\u00e4 on v\u00e4\u00e4r\u00e4 strategia. \u2014 He jatkavat iskuja kohteisiin, jotka eiv\u00e4t ole Isisin. Meid\u00e4n mielest\u00e4mme se on perustavanlaatuinen virhe, sanoi Yhdysvaltain puolustusministeri Ashton Carter.<\/p>\n<p>H\u00e4n antoi kommentin sen j\u00e4lkeen, kun Ven\u00e4j\u00e4n puolustusministeri\u00f6 oli sanonut harkitsevansa Yhdysvaltain ehdotuksia Isisin vastaisten iskujen koordinoimiseksi Syyriassa.<\/p>\n<p>Sek\u00e4 Yhdysvaltain ett\u00e4 Ven\u00e4j\u00e4n viranomaiset ovat vahvistaneet jatkavansa keskusteluja, kuinka v\u00e4ltt\u00e4\u00e4 maiden sotakoneiden mahdolliset yhteent\u00f6rm\u00e4ykset Syyrian ilmatilassa.<\/p>\n<p>VEN\u00c4J\u00c4N ULKOMINISTERI\u00d6 ilmoitti keskiviikkona olevansa valmis luomaan yhteydet l\u00e4nnen tukemaan maltilliseen oppositioryhm\u00e4\u00e4n Syyrian vapaaseen armeijaan. Se taistelee Ven\u00e4j\u00e4n tukemaa Syyrian presidentti\u00e4 Bashar al-Assadia vastaan.<\/p>\n<p>\u2013 (Haluamme ottaa sen mukaan valmistelemaan) poliittista ratkaisua Syyrian kriisiin. Se tapahtuisi neuvotteluissa Syyrian hallinnon ja is\u00e4nmaallisen opposition kesken, ulkoministeri\u00f6 sanoi.<\/p>\n<p>Presidentti Putin sanoi Ranskan presidentin Francois Hollanden ehdottaneen jonkinlaista Assadin joukkojen ja Syyrian vapaan armeijan joukkojen yhteisty\u00f6t\u00e4. Hollanden edustaja kuitenkin kiisti nopeasti t\u00e4m\u00e4n.\u201d<\/p>\n<p><a href=\"http:\/\/www.suomenmaa.fi\/etusivu\/7679947.html\" target=\"_blank\">http:\/\/www.suomenmaa.fi\/etusivu\/7679947.html<\/a><\/p>\n<p>&nbsp;<\/p>\n<h1>6.10.2015: Sexpon toiminnanjohtaja: \u201dEl\u00e4inseksin kriminalisoinnille ei ole perusteita\u201d<\/h1>\n<p>\u201dSexpo-s\u00e4\u00e4ti\u00f6n toiminnanjohtaja Tommi Paalanen kirjoittaa tiistaina julkaisemassaan blogissaan, ettei el\u00e4inseksin kriminalisoinnille ole h\u00e4nen mielest\u00e4\u00e4n perusteita.<\/p>\n<p>Kimmokkeen aiheelle Paalanen on saanut valmisteilla olevan el\u00e4insuojelulain uudistuksen yhteydess\u00e4 k\u00e4ydyst\u00e4 keskustelusta zoofiliasta, eli ihmisen el\u00e4imi\u00e4 kohtaan kohdistamasta seksuaalisesta mielenkiinnosta.<\/p>\n<p>\u2013\u00a0Kielt\u00e4mist\u00e4 on perusteltu julkisuudessa l\u00e4hinn\u00e4 kolmella tavalla. 1) Melkein kaikkialla muualla Euroopassa el\u00e4inseksi on kielletty, joten Suomi on barbaarinen maa salliessaan moisen. 2) Ihmisen ja el\u00e4imen ei kuulu harrastaa seksi\u00e4 kesken\u00e4\u00e4n; se on ep\u00e4kunnioittava ja v\u00e4\u00e4r\u00e4nlainen suhtautumistapa el\u00e4imiin, sek\u00e4 3) el\u00e4inseksi vahingoittaa el\u00e4imi\u00e4, Paalanen kirjoittaa blogissaan.<\/p>\n<p>H\u00e4nen mukaansa pelkk\u00e4 inho, ahdistus tai h\u00e4mmennys ole riitt\u00e4v\u00e4 peruste toiminnan kriminalisoinnille.<\/p>\n<p>\u2013\u00a0El\u00e4inseksin kriminalisoiminen vaikeuttaisi huomattavasti hoitoon p\u00e4\u00e4sy\u00e4 niiss\u00e4 tapauksissa, joissa henkil\u00f6 tarvitsee apua oman seksuaalisuutensa k\u00e4sittelyss\u00e4. Avun kynnyksen nostaminen j\u00e4tt\u00e4isi vain yhden jo valmiiksi marginalisoidun ihmisryhm\u00e4n vaille apua, Paalanen kirjoittaa.<\/p>\n<p>El\u00e4inseksin kriminalisointi poistettiin Suomen rikoslaista vuonna 1971.<\/p>\n<p>Savon Sanomien haastattelema, uutta el\u00e4insuojelulakia valmisteleva ylitarkastaja Minna Ruotsalo maa- ja mets\u00e4talousministeri\u00f6st\u00e4 toteaa, ettei jotakin toimintaa kriminalisoida sen perusteella, ett\u00e4 se aiheuttaa moraalista n\u00e4rk\u00e4styst\u00e4. Kriminalisoinnin tulisi aina olla tarpeen jonkin t\u00e4rke\u00e4n arvon tai etuuden suojelemiseksi.<\/p>\n<p>Ruotsalo sanoo Savon Sanomille, ett\u00e4 yksi el\u00e4inseksin kriminalisoinnin perusteluista on se, ett\u00e4 toiminnassa on olemassa el\u00e4imen vahingoittamisen riski. Nykyinen laki sallii toiminnan jos el\u00e4int\u00e4 ei vahingoiteta, mutta k\u00e4yt\u00e4nn\u00f6ss\u00e4 etenkin henkisi\u00e4 k\u00e4rsimyksi\u00e4 on vaikea n\u00e4ytt\u00e4\u00e4 toteen.<\/p>\n<p><strong>\u201dEi riitt\u00e4v\u00e4 peruste\u201d<\/strong><br \/>\nPaalasen mukaan el\u00e4imien kanssa seksi\u00e4 harrastavat erityisesti \u201dkokeilunhaluiset nuoret, maaseudun yksin\u00e4iset miehet, lemmikkiens\u00e4 kanssa peuhaavat el\u00e4inrakkaat naiset sek\u00e4 muutamat zoofiilit eli henkil\u00f6t, joilla on erityinen el\u00e4imiin kohdistuva seksuaalinen mieltymys\u201d. H\u00e4nen mukaansa t\u00e4llaisten ihmisten toimien kriminalisoiminen vaikuttaa turhalta.<\/p>\n<p>El\u00e4inten vahingoittamisen est\u00e4minen on h\u00e4nest\u00e4 kuitenkin perusteltu rajoitus el\u00e4inten ja ihmisten v\u00e4lisiin seksuaalisiin suhteisiin.<\/p>\n<p>\u2013 Se ei kuitenkaan ole riitt\u00e4v\u00e4 peruste el\u00e4inseksin kielt\u00e4miseen kokonaisuudessaan. Sen perusteella voidaan kielt\u00e4\u00e4 vain vahingollinen toiminta, mik\u00e4 on jo nykyisin kielletty\u00e4, h\u00e4n kirjoittaa.<\/p>\n<p>Paalasen mukaan my\u00f6sk\u00e4\u00e4n argumentti, jonka mukaan el\u00e4inseksi\u00e4 ei pit\u00e4isi sallia, koska el\u00e4in ei voi antaa suostumustaan, ei ole riitt\u00e4v\u00e4.<\/p>\n<p>\u2013\u00a0N\u00e4kemys ei kuitenkaan ole kovin kest\u00e4v\u00e4 eettisen\u00e4 argumenttina, sill\u00e4 el\u00e4imen voi joissakin tapauksissa katsoa olevan aktiivinen seksuaalisessa toiminnassa ja t\u00e4ll\u00f6in antavan suostumuksensa toiminnallaan.<\/p>\n<p>H\u00e4nen mielest\u00e4\u00e4n suostumus ei ole l\u00e4ht\u00f6kohtaisesti kelvollinen tapa k\u00e4sitell\u00e4 el\u00e4imen ja ihmisen v\u00e4lisi\u00e4 suhteita<\/p>\n<p>\u2013\u00a0[E]l\u00e4imill\u00e4 ei keskim\u00e4\u00e4rin ole kyky\u00e4 k\u00e4sitell\u00e4 suostumuksen kaltaisia monimutkaisia eettis-oikeudellisia k\u00e4sitteit\u00e4 (poislukien jotkut k\u00e4delliset). T\u00e4st\u00e4 syyst\u00e4 el\u00e4imen ja ihmisten v\u00e4listen suhteiden etiikkaa on hedelm\u00e4llisempi tarkastella benevolentian eli hyv\u00e4ntahtoisuuden k\u00e4sitteen avulla. Se on nykyisen el\u00e4insuojelulains\u00e4\u00e4d\u00e4nt\u00f6mme taustalla ja m\u00e4\u00e4rittelee ihmisen velvollisuudeksi kohdella el\u00e4imi\u00e4 hyvin ja v\u00e4ltt\u00e4\u00e4 tarpeetonta k\u00e4rsimyksen tuottamista.<\/p>\n<p>Paalasen blogitekstist\u00e4 huolimatta seksuaalioikeuksia Suomessa edist\u00e4m\u00e4\u00e4n pyrkiv\u00e4 Sexpo ei ole s\u00e4\u00e4ti\u00f6n\u00e4 kertonut virallista kantaansa keskusteluun el\u00e4inseksin kriminalisoinnista.<\/p>\n<p>Nykyisen lain mukaan el\u00e4imiin sekaantuminen on rikos vain siin\u00e4 tapauksessa, jos se aiheuttaa el\u00e4imille tarpeetonta k\u00e4rsimyst\u00e4, kipua tai tuskaa. Valmisteilla olevassa uudessa el\u00e4insuojelulaissa el\u00e4imiin sekaantuminen kriminalisoitaisiin kokonaan.<\/p>\n<p>Asiasta ensimm\u00e4isen\u00e4 kertoi Savon Sanomat.\u201d<\/p>\n<p><a href=\"http:\/\/www.iltalehti.fi\/uutiset\/2015100620479068_uu.shtml\" target=\"_blank\">http:\/\/www.iltalehti.fi\/uutiset\/2015100620479068_uu.shtml<\/a><\/p>\n","protected":false},"excerpt":{"rendered":"<p>P\u00e4ivitetty 16.11.2015: 13.10.2015: Iranin parlamentti hyv\u00e4ksyi ydinsopimuksen \u201dIranin parlamentti hyv\u00e4ksyi tiistaina kansainv\u00e4lisen sopimuksen maan ydinohjelmasta. Uutistoimisto Irnan mukaan parlamentti hyv\u00e4ksyi sopimuksen vahvistavan lain \u00e4\u00e4nin 161 puolesta ja 59 vastaan. 13 pid\u00e4tt\u00e4ytyi \u00e4\u00e4nest\u00e4m\u00e4st\u00e4. Iran ja sen kansainv\u00e4liset neuvottelukumppanit saavuttivat sovun maan ydinohjelmasta hein\u00e4kuussa. Tavoitteena on, ett\u00e4 ydinsovun my\u00f6t\u00e4 vuosia voimassa olleet talouspakotteet Irania vastaan voidaan purkaa. [&hellip;]<\/p>\n","protected":false},"author":1,"featured_media":0,"parent":0,"menu_order":0,"comment_status":"closed","ping_status":"closed","template":"","meta":{"footnotes":""},"class_list":["post-4092","page","type-page","status-publish","hentry"],"_links":{"self":[{"href":"https:\/\/lopunajat.fi\/blogi\/wp-json\/wp\/v2\/pages\/4092","targetHints":{"allow":["GET"]}}],"collection":[{"href":"https:\/\/lopunajat.fi\/blogi\/wp-json\/wp\/v2\/pages"}],"about":[{"href":"https:\/\/lopunajat.fi\/blogi\/wp-json\/wp\/v2\/types\/page"}],"author":[{"embeddable":true,"href":"https:\/\/lopunajat.fi\/blogi\/wp-json\/wp\/v2\/users\/1"}],"replies":[{"embeddable":true,"href":"https:\/\/lopunajat.fi\/blogi\/wp-json\/wp\/v2\/comments?post=4092"}],"version-history":[{"count":6,"href":"https:\/\/lopunajat.fi\/blogi\/wp-json\/wp\/v2\/pages\/4092\/revisions"}],"predecessor-version":[{"id":4123,"href":"https:\/\/lopunajat.fi\/blogi\/wp-json\/wp\/v2\/pages\/4092\/revisions\/4123"}],"wp:attachment":[{"href":"https:\/\/lopunajat.fi\/blogi\/wp-json\/wp\/v2\/media?parent=4092"}],"curies":[{"name":"wp","href":"https:\/\/api.w.org\/{rel}","templated":true}]}}