{"id":2,"date":"2013-10-08T18:54:23","date_gmt":"2013-10-08T18:54:23","guid":{"rendered":"https:\/\/lopunajat.fi\/blogi\/?page_id=2"},"modified":"2023-03-31T10:23:07","modified_gmt":"2023-03-31T07:23:07","slug":"esimerkkisivu","status":"publish","type":"page","link":"https:\/\/lopunajat.fi\/blogi\/","title":{"rendered":""},"content":{"rendered":"<p><span><img decoding=\"async\" alt=\"\" data-id=\"261\" data-init-width=\"400\" data-init-height=\"370\" title=\"ID-100146585\" loading=\"lazy\" src=\"https:\/\/lopunajat.fi\/blogi\/wp-content\/uploads\/2013\/12\/ID-100146585.jpg\" data-width=\"295\" width=\"295\"\/><\/span><\/p>\n<p style=\"\"><strong>Suomi &#8211; uhon ja tuhon airut?<\/strong><\/p>\n<p style=\"\"><strong><\/strong><a href=\"https:\/\/profetia.aikainmerkit.fi\" target=\"_blank\" style=\"outline: none;\" rel=\"noopener\"><strong><span style=\"font-size: 11px;\">https:\/\/profetia.aikainmerkit.fi<\/span><\/strong><\/a><\/p>\n<\/p>\n<p>Katso video: Ven\u00e4j\u00e4n karhun nousu vuodelta 2015. Nyt ajankohtaisempi kuin koskaan.<\/p>\n<h1>Sananvapaus k\u00e4y yh\u00e4 ahtaammaksi kun isot j\u00e4tit kuten YouTube sensuroivat asiallisiakin videoita joissa kritisoidaan esimerkiksi koronahysteriaa tai tuodaan eri n\u00e4k\u00f6kulmia eri asioihin.<\/h1>\n<h3>On hyv\u00e4 tiet\u00e4\u00e4 mit\u00e4 muut asioista ajattelevat, vaikka itse olisikin asioista eri mielt\u00e4. Eri n\u00e4kemysten esille tuominen on demokratiaa &#8211; nykyinen valtamedian k\u00e4yt\u00e4nt\u00f6 ei sit\u00e4 ole. Totuus kest\u00e4\u00e4 my\u00f6s kritiikki\u00e4 ja tarkastelua eri n\u00e4k\u00f6kulmista &#8211; valhe ei.<\/h3>\n<p style=\"\">T\u00e4lt\u00e4 sivustolta l\u00f6yd\u00e4t Youtuben sensuroimia videoita ja valtamedian v\u00e4lttelemi\u00e4 aiheita<\/p>\n<h3 style=\"\">Presidentti Ky\u00f6sti Kallion rukous vuodelta 1939 on t\u00e4n\u00e4 p\u00e4iv\u00e4n\u00e4 edelleen hyvin ajankohtainen:<\/h3>\n<h3 data-ft=\"{&quot;type&quot;:1,&quot;tn&quot;:&quot;K&quot;}\"><span data-ft=\"{&quot;type&quot;:3}\">&#8221;Taivaallinen Is\u00e4mme, katso armossasi kansamme puoleen. Sin\u00e4 olet luonut sen ja rakastat sit\u00e4.<\/span><\/h3>\n<h3 data-ft=\"{&quot;type&quot;:1,&quot;tn&quot;:&quot;K&quot;}\"><span data-ft=\"{&quot;type&quot;:3}\">Sin\u00e4 n\u00e4et ett\u00e4 se on mit\u00e4 suurimmassa vaarassa. Siksi rukoilemme Sinua: Herra, auta meit\u00e4 h\u00e4d\u00e4ss\u00e4mme \u00e4l\u00e4k\u00e4 anna meid\u00e4n hukkua. Lahjoita k\u00e4\u00e4ntymys synnin ja laittomuuden tielt\u00e4, jotka johtavat kansamme tuhoon. Herra, armahda meit\u00e4.<\/span><\/h3>\n<h3 data-ft=\"{&quot;type&quot;:1,&quot;tn&quot;:&quot;K&quot;}\"><span data-ft=\"{&quot;type&quot;:3}\">Herra Jeesus Kristus, ilman sinua olemme voimattomia h\u00e4vitt\u00e4vi\u00e4 voimia vastaan, jotka tulivat kansamme yli ja myrkytt\u00e4v\u00e4t sen. Siksi me kerskaamme Sinun voitostasi pahuuden henkiolentoja vastaan, joiden vaikutukset ovat joka p\u00e4iv\u00e4n sanoin ja kuvin julkisuudessa n\u00e4ht\u00e4viss\u00e4. Herra sin\u00e4 olet Golgatan ristill\u00e4 voittanut pimeyden vallat. Niiden t\u00e4ytyy v\u00e4isty\u00e4 my\u00f6s t\u00e4n\u00e4\u00e4n, koska ylist\u00e4mme sinun nime\u00e4si niiden ylitse. T\u00e4h\u00e4n me uskomme, sill\u00e4 Sin\u00e4 voit my\u00f6s meid\u00e4n aikanamme varjella ihmiset saatanalliselta eksytykselt\u00e4. Herra armahda meit\u00e4.<\/span><\/h3>\n<h3 data-ft=\"{&quot;type&quot;:1,&quot;tn&quot;:&quot;K&quot;}\"><span data-ft=\"{&quot;type&quot;:3}\">Auta meit\u00e4 Pyh\u00e4n Henkesi kautta ryhtym\u00e4\u00e4n omassa el\u00e4m\u00e4ss\u00e4mme taisteluun synti\u00e4 vastaan ja olemaan kest\u00e4vi\u00e4 loppuun asti. Tee meid\u00e4t kansamme keskell\u00e4 merkiksi Sinun vapauttavasta armostasi. T\u00e4yt\u00e4 meid\u00e4t niin Sinun rakkaudellasi, ett\u00e4 me tulemme kuuliaisiksi Sinun k\u00e4skyillesi. Rakkautesi olkoon meiss\u00e4 se voima, joka voittaa pimeyden vallat kansassamme.<\/span><\/h3>\n<h3 data-ft=\"{&quot;type&quot;:1,&quot;tn&quot;:&quot;K&quot;}\"><span data-ft=\"{&quot;type&quot;:3}\">Herra Jeesus Kristus, kaiken voimme sinun kauttasi, siihen me uskomme. Armahda meit\u00e4.Amen.<\/span><\/h3>\n<\/p>\n<p style=\"\">KORONA<\/p>\n<p style=\"\">17.1.2022: TouTube sensuroi t\u00e4m\u00e4n videon, vaikka se ei ollut edes viel\u00e4 julkaistu.&nbsp;<\/p>\n<p style=\"\">\n<p style=\"\">KORONA<\/p>\n<p style=\"\">16.6.2021: Kansanedustaja Turtiainen kertoo, ett\u00e4 koronarokotteet ovat myrkky\u00e4: Suomessa 85 kuollut koronarokotteeseen ja vakavia haittailmoituksia on kirjattu jo 1426. Todellisuudessa luvut lienev\u00e4t 10 kertaa korkeammat.<\/p>\n<h1 style=\"\">ANARKISMI<\/h1>\n<h1 style=\"\">Elokapina on kultti ja se harrastaa aivopesua &#8211; katso video<\/h1>\n<p style=\"\">SANANVAPAUS<\/p>\n<p style=\"\">Avoin video valtakunnansyytt\u00e4j\u00e4lle<\/p>\n<p style=\"\">KORONA<\/p>\n<p style=\"\">7.4.2021: Pit\u00e4\u00e4k\u00f6 olla huolissaan &#8211; mit\u00e4 koronatilastot todella kertovat?<\/p>\n<\/p>\n<h3 style=\"\">KORONA<\/h3>\n<h3 style=\"\">Bill Gates ja tuleva koronarokote (kannattaako sit\u00e4 ottaa)<\/h3>\n<p><a href=\"https:\/\/brandnewtube.com\/v\/m4vJSh\" target=\"_blank\" rel=\"nofollow noopener\" style=\"outline: currentcolor none medium;\">https:\/\/brandnewtube.com\/v\/m4vJSh<\/a><\/p>\n<h1>Rokotteet &#8211; aikakautemme kaasukammio?<\/h1>\n<p><a href=\"https:\/\/lbry.tv\/@UusiMaailma:3\/Rokotteet:b\" target=\"_blank\" rel=\"nofollow noopener\" style=\"outline: currentcolor none medium;\">https:\/\/lbry.tv\/@UusiMaailma:3\/Rokotteet:b<\/a><\/p>\n<h1>Positiivinen koronatestitulos CocaColalle It\u00e4vallan parlamentissa<\/h1>\n<p><a href=\"https:\/\/tokentube.net\/v\/2319080328\/Positiivinen-koronatestitulos-CocaColalle-It%C3%A4vallan-parlamentissa---Rapsodia-fi--tekstitys\" target=\"_blank\" rel=\"nofollow noopener\" style=\"outline: currentcolor none medium;\">https:\/\/tokentube.net\/v\/2319080328\/Positiivinen-koronatestitulos-CocaColalle-It%C3%A4vallan-parlamentissa&#8212;Rapsodia-fi&#8211;tekstitys<\/a><\/p>\n<p>&nbsp;<\/p>\n<h3 style=\"\">Italialainen kansanedustaja vaatii parlamentissa totuutta ilmi koronasta:<\/h3>\n<p><!-- iframe plugin v.4.5 wordpress.org\/plugins\/iframe\/ --><\/p>\n<p style=\"\">T\u00e4m\u00e4kin video sensuroitiin YouTubesta: Suojautuminen heikent\u00e4\u00e4 immuunij\u00e4rjestelm\u00e4\u00e4<\/p>\n<p style=\"\"><a href=\"https:\/\/www.bitchute.com\/FuYmM1RtPi2e\/\" target=\"_blank\" rel=\"nofollow noopener\" style=\"outline: currentcolor none medium;\">https:\/\/www.bitchute.com\/FuYmM1RtPi2e\/<\/a><\/p>\n<p style=\"\">\n<h2><strong>London realin tuottama keskusteluohjelma <\/strong><\/h2>\n<h1>THE EVIL OF 5G TECHNOLOGY &#8211; David Icke \/&nbsp;<strong>5G weaponry sensuroitiin my\u00f6s Youtubesta:<\/strong><\/h1>\n<p><strong>&nbsp;Katso video t\u00e4\u00e4lt\u00e4:&nbsp;<\/strong><a href=\"https:\/\/www.bitchute.com\/video\/dnMTbeSMRaMe\/\" target=\"_blank\" style=\"outline: currentcolor none medium;\" rel=\"noopener\">https:\/\/www.bitchute.com\/video\/dnMTbeSMRaMe\/<\/a><\/p>\n<\/p>\n<h1>SANANVAPAUS UHATTUNA: KATSO YOUTUBEN\/GOOGLEN SYYSKUUSSA 2018 SENSUROIMA (IK\u00c4RAJOITTAMA) VIDEO: L\u00c4HI-ID\u00c4N AIKAPOMMI<\/h1>\n<h1>KATSO UUSIN LA-OHJELMA:<\/h1>\n<\/p>\n<h1>Radiotaajuisen s\u00e4teilyn lukema Turusta:<\/h1>\n<\/p>\n<h1>Katso 5G aiheinen ajankohtaisohjelma Kanadasta:<\/h1>\n<\/p>\n<h1>Katso 5G aiheiset ohjelmat USA:sta<\/h1>\n<h1 style=\"\">5G<\/h1>\n<h1 style=\"\">The 5G Dragnet<\/h1>\n<h1 style=\"\">T\u00e4m\u00e4kin video poistettiin YouTubesta 2021:<\/h1>\n<p><strong>Katso video t\u00e4\u00e4lt\u00e4: <a href=\"https:\/\/www.bitchute.com\/video\/BXbvL0uZkrY\/\" rel=\"nofollow noopener\" style=\"outline: currentcolor none medium;\" target=\"_blank\">https:\/\/www.bitchute.com\/video\/BXbvL0uZkrY\/<\/a><\/strong><\/p>\n<h1><span style=\"color: rgb(255, 255, 255);\">5G<\/span><\/h1>\n<h1><span style=\"color: rgb(255, 255, 255);\">5G APOCALYPSE &#8211; THE EXTINCTION EVENT<\/span><\/h1>\n<h1><span style=\"color: rgb(255, 255, 255);\">T\u00e4m\u00e4kin video poistettiin YouTubesta 2021:<\/span><\/h1>\n<p><strong><span style=\"color: rgb(255, 255, 255);\">Katso video t\u00e4\u00e4lt\u00e4:<\/span> <a href=\"https:\/\/vimeo.com\/404123159\" rel=\"nofollow noopener\" style=\"outline: currentcolor none medium;\" target=\"_blank\">https:\/\/vimeo.com\/404123159<\/a><\/strong><\/p>\n<\/p>\n<h1>Kuuntele englantilaisen laivastoveteraanin&nbsp;haastattelu 5G:st\u00e4. Haastateltava tuntee hyvin mikroaalloilla k\u00e4yt\u00e4v\u00e4n sodank\u00e4ynnin vaarat.<\/h1>\n<h1><\/h1>\n<\/p>\n<h1>PAAVI &#8211; V\u00c4\u00c4R\u00c4 PROFEETTA<\/h1>\n<\/p>\n<h1>Israel t\u00e4ytti 70-vuotta: Viimeinen sukupolvi<\/h1>\n<p>&nbsp;<\/p>\n<h1>Vuosi 5777 p\u00e4\u00e4ttyi juuri ja neitsyen t\u00e4htikuviossa toteutuu Ilmestyskirja 12 kuvailtu tilanne! Katso video!<\/h1>\n<h1>&nbsp;<\/h1>\n<h1>&nbsp;<\/h1>\n<p><strong>Katso kaikki <a href=\"https:\/\/lopunajat.fi\/tv\/index_tv.php\" rel=\"noopener\" target=\"_blank\">LOPUNAJAT &#8211; NYT!<\/a> -videot!<\/strong><\/p>\n<p><strong>Katso <a href=\"https:\/\/lopunajat.fi\/tv\/5\" rel=\"noopener\" target=\"_blank\">LOPUNAJAT &#8211; NYT!<\/a> -video Pedon merkist\u00e4!<\/strong><\/p>\n<p><strong><a href=\"https:\/\/lopunajat.fi\/tv\/index_tv.php\">LOPUNAJAT &#8211; NYT!<\/a> aikaisemmat videot.<\/strong><\/p>\n","protected":false},"excerpt":{"rendered":"<p>Suomi &#8211; uhon ja tuhon airut? <a href=\"https:\/\/profetia.aikainmerkit.fi\" class=\"autohyperlink\" target=\"_blank\">https:\/\/profetia.aikainmerkit.fi<\/a> Katso video: Ven\u00e4j\u00e4n karhun nousu vuodelta 2015. Nyt ajankohtaisempi kuin koskaan. Sananvapaus k\u00e4y yh\u00e4 ahtaammaksi kun isot j\u00e4tit kuten YouTube sensuroivat asiallisiakin videoita joissa kritisoidaan esimerkiksi koronahysteriaa tai tuodaan eri n\u00e4k\u00f6kulmia eri asioihin. On hyv\u00e4 tiet\u00e4\u00e4 mit\u00e4 muut asioista ajattelevat, vaikka itse olisikin asioista eri mielt\u00e4. Eri n\u00e4kemysten [&hellip;]<\/p>\n","protected":false},"author":1,"featured_media":0,"parent":0,"menu_order":0,"comment_status":"closed","ping_status":"open","template":"","meta":{"footnotes":""},"class_list":["post-2","page","type-page","status-publish","hentry"],"_links":{"self":[{"href":"https:\/\/lopunajat.fi\/blogi\/wp-json\/wp\/v2\/pages\/2","targetHints":{"allow":["GET"]}}],"collection":[{"href":"https:\/\/lopunajat.fi\/blogi\/wp-json\/wp\/v2\/pages"}],"about":[{"href":"https:\/\/lopunajat.fi\/blogi\/wp-json\/wp\/v2\/types\/page"}],"author":[{"embeddable":true,"href":"https:\/\/lopunajat.fi\/blogi\/wp-json\/wp\/v2\/users\/1"}],"replies":[{"embeddable":true,"href":"https:\/\/lopunajat.fi\/blogi\/wp-json\/wp\/v2\/comments?post=2"}],"version-history":[{"count":301,"href":"https:\/\/lopunajat.fi\/blogi\/wp-json\/wp\/v2\/pages\/2\/revisions"}],"predecessor-version":[{"id":6627,"href":"https:\/\/lopunajat.fi\/blogi\/wp-json\/wp\/v2\/pages\/2\/revisions\/6627"}],"wp:attachment":[{"href":"https:\/\/lopunajat.fi\/blogi\/wp-json\/wp\/v2\/media?parent=2"}],"curies":[{"name":"wp","href":"https:\/\/api.w.org\/{rel}","templated":true}]}}